hundreds digit of 708?
7
What is the tens digit of 943?
4
What is the hundreds digit of 168?
1
What is the tens digit of 453?
5
What is the hundreds digit of 2339?
3
What is the thousands digit of 2058?
2
What is the tens digit of 833?
3
What is the units digit of 5043?
3
What is the units digit of 3330?
0
What is the hundreds digit of 5993?
9
What is the tens digit of 2255?
5
What is the tens digit of 28423?
2
What is the units digit of 19959?
9
What is the hundreds digit of 239?
2
What is the thousands digit of 6641?
6
What is the tens digit of 755?
5
What is the units digit of 71?
1
What is the tens digit of 3219?
1
What is the thousands digit of 15146?
5
What is the tens digit of 733?
3
What is the tens digit of 1077?
7
What is the thousands digit of 16179?
6
What is the tens digit of 6858?
5
What is the hundreds digit of 7752?
7
What is the ten thousands digit of 11170?
1
What is the tens digit of 1131?
3
What is the tens digit of 81040?
4
What is the units digit of 371?
1
What is the tens digit of 27309?
0
What is the tens digit of 1047?
4
What is the thousands digit of 16952?
6
What is the thousands digit of 35520?
5
What is the units digit of 17680?
0
What is the tens digit of 42136?
3
What is the units digit of 899?
9
What is the ten thousands digit of 82334?
8
What is the tens digit of 101201?
0
What is the hundreds digit of 26148?
1
What is the units digit of 794?
4
What is the thousands digit of 36223?
6
What is the ten thousands digit of 69818?
6
What is the units digit of 1541?
1
What is the hundreds digit of 81196?
1
What is the hundreds digit of 521?
5
What is the units digit of 14491?
1
What is the hundreds digit of 83885?
8
What is the tens digit of 10723?
2
What is the tens digit of 382?
8
What is the hundreds digit of 7646?
6
What is the units digit of 16025?
5
What is the hundreds digit of 16471?
4
What is the units digit of 379?
9
What is the units digit of 79200?
0
What is the hundreds digit of 23477?
4
What is the units digit of 112157?
7
What is the hundreds digit of 1117?
1
What is the tens digit of 19529?
2
What is the units digit of 13126?
6
What is the units digit of 857?
7
What is the units digit of 61335?
5
What is the thousands digit of 30074?
0
What is the units digit of 24737?
7
What is the ten thousands digit of 14318?
1
What is the thousands digit of 2734?
2
What is the ten thousands digit of 10030?
1
What is the units digit of 77112?
2
What is the units digit of 7371?
1
What is the units digit of 41084?
4
What is the thousands digit of 20985?
0
What is the thousands digit of 12069?
2
What is the units digit of 7230?
0
What is the thousands digit of 12143?
2
What is the ten thousands digit of 46845?
4
What is the units digit of 4967?
7
What is the thousands digit of 1487?
1
What is the hundreds digit of 831?
8
What is the hundreds digit of 6658?
6
What is the units digit of 5022?
2
What is the thousands digit of 10456?
0
What is the thousands digit of 132859?
2
What is the thousands digit of 2496?
2
What is the hundreds digit of 7000?
0
What is the tens digit of 402?
0
What is the thousands digit of 35600?
5
What is the ten thousands digit of 31980?
3
What is the thousands digit of 11340?
1
What is the hundreds digit of 30769?
7
What is the hundreds digit of 1671?
6
What is the hundreds digit of 286?
2
What is the hundreds digit of 3008?
0
What is the thousands digit of 3749?
3
What is the units digit of 14085?
5
What is the hundreds digit of 1396?
3
What is the hundreds digit of 5463?
4
What is the thousands digit of 2067?
2
What is the hundreds digit of 13123?
1
What is the units digit of 247?
7
What is the units digit of 228?
8
What is the thousands digit of 14296?
4
What is the tens digit of 30223?
2
What is the tens digit of 7175?
7
What is the units digit of 24346?
6
What is the hundreds digit of 1493?
4
What is the tens digit of 133289?
8
What is the tens digit of 1512?
1
What is the ten thousands digit of 75248?
7
What is the hundreds digit of 545?
5
What is the units digit of 17380?
0
What is the units digit of 1619?
9
What is the units digit of 4681?
1
What is the units digit of 519?
9
What is the ten thousands digit of 15648?
1
What is the units digit of 66615?
5
What is the units digit of 2123?
3
What is the thousands digit of 17882?
7
What is the hundreds digit of 38458?
4
What is the units digit of 4729?
9
What is the units digit of 35851?
1
What is the tens digit of 8550?
5
What is the units digit of 5602?
2
What is the ten thousands digit of 82235?
8
What is the hundreds digit of 13979?
9
What is the thousands digit of 1000?
1
What is the hundreds digit of 6455?
4
What is the units digit of 5456?
6
What is the units digit of 225?
5
What is the hundreds digit of 7943?
9
What is the tens digit of 12336?
3
What is the units digit of 614?
4
What is the ten thousands digit of 10260?
1
What is the thousands digit of 25347?
5
What is the tens digit of 55335?
3
What is the hundreds digit of 8062?
0
What is the thousands digit of 3943?
3
What is the units digit of 1581?
1
What is the thousands digit of 1182?
1
What is the thousands digit of 53301?
3
What is the thousands digit of 1579?
1
What is the ten thousands digit of 11648?
1
What is the units digit of 17239?
9
What is the thousands digit of 1739?
1
What is the tens digit of 33225?
2
What is the hundreds digit of 3506?
5
What is the units digit of 322?
2
What is the hundreds digit of 952?
9
What is the thousands digit of 51502?
1
What is the units digit of 34?
4
What is the hundreds digit of 6563?
5
What is the units digit of 11019?
9
What is the hundreds digit of 46365?
3
What is the ten thousands digit of 25841?
2
What is the tens digit of 85599?
9
What is the units digit of 1?
1
What is the tens digit of 823?
2
What is the units digit of 6063?
3
What is the hundreds digit of 14994?
9
What is the units digit of 40088?
8
What is the thousands digit of 36792?
6
What is the tens digit of 6849?
4
What is the tens digit of 260?
6
What is the tens digit of 3263?
6
What is the hundreds digit of 1456?
4
What is the tens digit of 27758?
5
What is the hundreds digit of 101834?
8
What is the tens digit of 20688?
8
What is the tens digit of 57614?
1
What is the ten thousands digit of 20495?
2
What is the hundreds digit of 20923?
9
What is the units digit of 3556?
6
What is the tens digit of 850?
5
What is the thousands digit of 5700?
5
What is the hundred thousands digit of 171320?
1
What is the tens digit of 3528?
2
What is the units digit of 2687?
7
What is the ten thousands digit of 62145?
6
What is the hundreds digit of 2141?
1
What is the hundreds digit of 15768?
7
What is the ten thousands digit of 33760?
3
What is the hundreds digit of 344?
3
What is the units digit of 3583?
3
What is the thousands digit of 7925?
7
What is the units digit of 434?
4
What is the tens digit of 123125?
2
What is the hundreds digit of 135688?
6
What is the units digit of 359?
9
What is the hundreds digit of 1613?
6
What is the units digit of 462?
2
What is the thousands digit of 2257?
2
What is the hundreds digit of 15100?
1
What is the units digit of 14935?
5
What is the tens digit of 1196?
9
What is the hundreds digit of 7967?
9
What is the ten thousands digit of 25940?
2
What is the hundreds digit of 9152?
1
What is the tens digit of 4549?
4
What is the units digit of 130?
0
What is the ten thousands digit of 11645?
1
What is the thousands digit of 88037?
8
What is the tens digit of 7252?
5
What is the thousands digit of 2009?
2
What is the tens digit of 3651?
5
What is the thousands digit of 1245?
1
What is the hundreds digit of 3939?
9
What is the hundreds digit of 37770?
7
What is the thousands digit of 1667?
1
What is the units digit of 875?
5
What is the hundreds digit of 4485?
4
What is the thousands digit of 2853?
2
What is the tens digit of 1708?
0
What is the hundreds digit of 329?
3
What is the units digit of 256?
6
What is the thousands digit of 2092?
2
What is the tens digit of 6019?
1
What is the hundreds digit of 130555?
5
What is the ten thousands digit of 55220?
5
What is the hundreds digit of 849?
8
What is the tens digit of 5428?
2
What is the hundreds digit of 36175?
1
What is the tens digit of 14285?
8
What is the hundreds digit of 1653?
6
Wha